{"id":1352,"date":"2020-12-05T11:46:54","date_gmt":"2020-12-05T11:46:54","guid":{"rendered":"http:\/\/licznik.org\/?post_type=product&#038;p=1352"},"modified":"2020-12-05T11:46:54","modified_gmt":"2020-12-05T11:46:54","slug":"pompa-abs-esc-vw-golf-5-6-mk60-ec1-ate-1k0-907-379-ad-1k0907379ad-naprawa","status":"publish","type":"product","link":"https:\/\/licznik.org\/?product=pompa-abs-esc-vw-golf-5-6-mk60-ec1-ate-1k0-907-379-ad-1k0907379ad-naprawa","title":{"rendered":"Pompa Abs Esc VW GOLF 5 6  mk60 EC1 ATE  1K0 907 379 AD 1K0907379AD  Naprawa"},"content":{"rendered":"<p>OFERTA DOTYCZY NAPRAWY\u00a0 POMPY ABS\u00a0 ESC\u00a0 VW GOLF 5 6 mk60 EC1 ATE 1K0 907 379 AD 1K0907379AD<\/p>\n<p>NAPRAWIAM WSZELKIE USTERKI JAKIE MOG\u0104 SI\u0118 ZDARZY\u0106\u00a0 W TYCH POMPACH<\/p>\n<p>&nbsp;<\/p>\n<p>PONADTO\u00a0 OFERTA\u00a0 NAPRAWY NAJNOWSZYCH POMP\u00a0 MAZDY\u00a0 PO 2013<\/p>\n<p><b>Ka\u017bda uzywana pompa\u00a0 musi by\u0107 czyszczona i ponownie kodowana do auta<\/b><\/p>\n<p><b>pompa wyczyszczona \u2013 CZYSTA \u2013 ZAKODOWANA PO TWOJE AUTO<\/b><\/p>\n<p><b>POMPA ABS ESC MAZDA\u00a0 \u2013\u00a0 wk\u0142adasz pomp\u0119 do auta i SAMA\u00a0 automatycznie<\/b><\/p>\n<p><b>dokoduje si\u0119 do wszystkich sterownik\u00f3w\u00a0 auta . Nie musisz jecha\u0107 do serwisu i ponosi\u0107 niepotrzenie wysokich koszt\u00f3w programowania<\/b><\/p>\n<p><b>WYSTARCZY TYLKO PODPI\u0104\u0106 WTYCZKE I ZA\u0141\u0104CZY\u0106 ZAP\u0141ON<\/b><\/p>\n<p>kopiuj\u0119, klonuj\u0119 wszystkie pompy czego nie potrafi \u017cadna firma co \u015bwiadczy o moim profesjonali\u017cmie<\/p>\n<p>wszystkie zakupione u nas pompy po moim czyszczeniu automatycznie same si\u0119 dopisuj\u0105 konfiguracyjnie do wyposa\u017cenia auta wi\u0119c nie potrzebujesz dodatkowo wydawa\u0107 kasy warsztatom kt\u00f3re w wi\u0119kszo\u015bci i tak sobie nie poradz\u0105 z zaprogramowaniem do auta<\/p>\n<p>posiadamy w ofercie pompy abs mazda 2 3 6 5 cx3 cx5 cx9<\/p>\n<p>wszystkie typy i numery<\/p>\n<p>ponadto naprawiam jako jedyny , uszkodzone po\u0142amane pompy<\/p>\n<p>jak r\u00f3wnie\u017c czy\u015bcimy i programujemy i kodujemy wszystkie typy pomp abs za pomoc\u0105 wysy\u0142ki<\/p>\n<p>POMPA ABS mazda 2 3 5 6 cx5 cx9 cx3 .NAPRAWIAMY ,czyszcz\u0119 ,programuj\u0119 .koduj\u0119 u\u017bywane pompy<\/p>\n<p>NAPRAWIAM PO\u0141AMNE i uszkodzone pompy EUROPA jak i USA<\/p>\n<p>R\u00d3WNIE\u017b w ofercie POSIADAM SPRAWNE POMPY<\/p>\n","protected":false},"excerpt":{"rendered":"<p>OFERTA DOTYCZY NAPRAWY\u00a0 POMPY ABS\u00a0 ESC\u00a0 VW GOLF 5 6 mk60 EC1 ATE 1K0 907 379 AD 1K0907379AD NAPRAWIAM WSZELKIE&hellip;<\/p>\n","protected":false},"featured_media":1347,"template":"","meta":[],"_links":{"self":[{"href":"https:\/\/licznik.org\/index.php?rest_route=\/wp\/v2\/product\/1352"}],"collection":[{"href":"https:\/\/licznik.org\/index.php?rest_route=\/wp\/v2\/product"}],"about":[{"href":"https:\/\/licznik.org\/index.php?rest_route=\/wp\/v2\/types\/product"}],"wp:featuredmedia":[{"embeddable":true,"href":"https:\/\/licznik.org\/index.php?rest_route=\/wp\/v2\/media\/1347"}],"wp:attachment":[{"href":"https:\/\/licznik.org\/index.php?rest_route=%2Fwp%2Fv2%2Fmedia&parent=1352"}],"curies":[{"name":"wp","href":"https:\/\/api.w.org\/{rel}","templated":true}]}}