{"id":1378,"date":"2021-01-23T16:13:37","date_gmt":"2021-01-23T16:13:37","guid":{"rendered":"http:\/\/licznik.org\/?post_type=product&#038;p=1378"},"modified":"2021-01-23T16:13:37","modified_gmt":"2021-01-23T16:13:37","slug":"licznik-panel-konsola-wskaznikow-ladowarka-liebherr-naprawa","status":"publish","type":"product","link":"https:\/\/licznik.org\/?product=licznik-panel-konsola-wskaznikow-ladowarka-liebherr-naprawa","title":{"rendered":"Licznik Panel Konsola Wska\u017cnik\u00f3w  \u0141adowarka Liebherr &#8211; Naprawa"},"content":{"rendered":"<p>Oferta dotyczy naprawy\u00a0 Panelu , Konsoli Wska\u017cnik\u00f3w do\u00a0 \u0141adowarki Liebherr<\/p>\n<p>&nbsp;<\/p>\n","protected":false},"excerpt":{"rendered":"<p>Oferta dotyczy naprawy\u00a0 Panelu , Konsoli Wska\u017cnik\u00f3w do\u00a0 \u0141adowarki Liebherr &nbsp;<\/p>\n","protected":false},"featured_media":1386,"template":"","meta":[],"_links":{"self":[{"href":"https:\/\/licznik.org\/index.php?rest_route=\/wp\/v2\/product\/1378"}],"collection":[{"href":"https:\/\/licznik.org\/index.php?rest_route=\/wp\/v2\/product"}],"about":[{"href":"https:\/\/licznik.org\/index.php?rest_route=\/wp\/v2\/types\/product"}],"wp:featuredmedia":[{"embeddable":true,"href":"https:\/\/licznik.org\/index.php?rest_route=\/wp\/v2\/media\/1386"}],"wp:attachment":[{"href":"https:\/\/licznik.org\/index.php?rest_route=%2Fwp%2Fv2%2Fmedia&parent=1378"}],"curies":[{"name":"wp","href":"https:\/\/api.w.org\/{rel}","templated":true}]}}