{"id":1474,"date":"2022-06-14T13:30:14","date_gmt":"2022-06-14T13:30:14","guid":{"rendered":"https:\/\/licznik.org\/?post_type=product&#038;p=1474"},"modified":"2022-06-14T13:30:14","modified_gmt":"2022-06-14T13:30:14","slug":"modul-sterownik-drzwi-mercedes-g-klasa-w436-naprawa","status":"publish","type":"product","link":"https:\/\/licznik.org\/?product=modul-sterownik-drzwi-mercedes-g-klasa-w436-naprawa","title":{"rendered":"Modu\u0142 Sterownik Drzwi Mercedes G Klasa W436 NAPRAWA"},"content":{"rendered":"<div class=\"offer-page__description hyphens\">\n<p>MODU\u0141 DRZWI MERCEDES G KLASA W436 \u2013 NAPRAWA .Oferta dotyczy usuni\u0119cia STANDARTOWEJ usterki braku reakcji na przyciski opuszczania i podnoszenia szyby<\/p>\n<p>Ponad to usterkowo\u015b\u0107 tych modu\u0142\u00f3w jest r\u00f3\u017cna,wi\u0119c JAKO JEDYNI naprawiamy wszystkie usterki jakie mog\u0105 si\u0119 zdarzy\u0107 w tych modu\u0142ach<\/p>\n<p>1. cz\u0119sto \u2013 brak komunikacji<\/p>\n<p>2. cz\u0119sto \u2013 po nieudanych pseudo naprawach<\/p>\n<p>3 cz\u0119sto \u2013 ka\u017cde inne usterki<\/p>\n<p>zobacz inne moje og\u0142osznia i oferty sprzeda\u017cy na allegro , co \u015bwiadczy o poziomie \u015bwiadczonych us\u0142ug oraz gwarancji dobrze wykonanej us\u0142ugi<\/p>\n<\/div>\n","protected":false},"excerpt":{"rendered":"<p>MODU\u0141 DRZWI MERCEDES G KLASA W436 \u2013 NAPRAWA .Oferta dotyczy usuni\u0119cia STANDARTOWEJ usterki braku reakcji na przyciski opuszczania i podnoszenia&hellip;<\/p>\n","protected":false},"featured_media":1476,"template":"","meta":[],"_links":{"self":[{"href":"https:\/\/licznik.org\/index.php?rest_route=\/wp\/v2\/product\/1474"}],"collection":[{"href":"https:\/\/licznik.org\/index.php?rest_route=\/wp\/v2\/product"}],"about":[{"href":"https:\/\/licznik.org\/index.php?rest_route=\/wp\/v2\/types\/product"}],"wp:featuredmedia":[{"embeddable":true,"href":"https:\/\/licznik.org\/index.php?rest_route=\/wp\/v2\/media\/1476"}],"wp:attachment":[{"href":"https:\/\/licznik.org\/index.php?rest_route=%2Fwp%2Fv2%2Fmedia&parent=1474"}],"curies":[{"name":"wp","href":"https:\/\/api.w.org\/{rel}","templated":true}]}}