{"id":1526,"date":"2024-04-20T19:22:51","date_gmt":"2024-04-20T19:22:51","guid":{"rendered":"https:\/\/licznik.org\/?post_type=product&#038;p=1526"},"modified":"2024-04-20T19:22:51","modified_gmt":"2024-04-20T19:22:51","slug":"modul-sterownik-wybierak-biegow-mercedes-w168-naprawa","status":"publish","type":"product","link":"https:\/\/licznik.org\/?product=modul-sterownik-wybierak-biegow-mercedes-w168-naprawa","title":{"rendered":"Modu\u0142 Sterownik Wybierak Bieg\u00f3w Mercedes W168 Naprawa"},"content":{"rendered":"<p>Naprawa wybieraka bieg\u00f3w tel 602 45 98 55<\/p>\n","protected":false},"excerpt":{"rendered":"<p>Naprawa wybieraka bieg\u00f3w<\/p>\n","protected":false},"featured_media":1527,"template":"","meta":[],"_links":{"self":[{"href":"https:\/\/licznik.org\/index.php?rest_route=\/wp\/v2\/product\/1526"}],"collection":[{"href":"https:\/\/licznik.org\/index.php?rest_route=\/wp\/v2\/product"}],"about":[{"href":"https:\/\/licznik.org\/index.php?rest_route=\/wp\/v2\/types\/product"}],"wp:featuredmedia":[{"embeddable":true,"href":"https:\/\/licznik.org\/index.php?rest_route=\/wp\/v2\/media\/1527"}],"wp:attachment":[{"href":"https:\/\/licznik.org\/index.php?rest_route=%2Fwp%2Fv2%2Fmedia&parent=1526"}],"curies":[{"name":"wp","href":"https:\/\/api.w.org\/{rel}","templated":true}]}}