{"id":611,"date":"2020-11-14T18:33:33","date_gmt":"2020-11-14T18:33:33","guid":{"rendered":"http:\/\/licznik.org\/?post_type=product&#038;p=611"},"modified":"2020-11-14T18:33:33","modified_gmt":"2020-11-14T18:33:33","slug":"panel-konsola-wyswietlacz-radia-range-rover-vogue","status":"publish","type":"product","link":"https:\/\/licznik.org\/?product=panel-konsola-wyswietlacz-radia-range-rover-vogue","title":{"rendered":"Panel Konsola wy\u015bwietlacz radia Range Rover Vogue"},"content":{"rendered":"<p>profesjonalna naprawa w\u015bwietlacza Range Rover vogue<br \/>\nWymieniamy wy\u015bwietlacze , naprawiamy po\u0142\u0105czenia ta\u015bmy LCD \u2013 jako jedyni profesjonalnie je wklejamy na ta\u015bm\u0119 anizotropow\u0105 \u2013 taka technologia sprawia ze problem kontaktu p\u0142yty g\u0142\u00f3wnej z ta\u015bm\u0105 wy\u015bwietlacza LCD nigdy nie wr\u00f3ci<\/p>\n<p>na dole foto panela w stanie testu wy\u015bwietlacza<\/p>\n<p>mamy najwi\u0119kszy asortyment \u015bwiadczonych us\u0142ug, to dla klienta 100 procent<br \/>\njako\u015bci wykonanej us\u0142ugi<\/p>\n","protected":false},"excerpt":{"rendered":"<p>profesjonalna naprawa w\u015bwietlacza Range Rover vogue Wymieniamy wy\u015bwietlacze , naprawiamy po\u0142\u0105czenia ta\u015bmy LCD \u2013 jako jedyni profesjonalnie je wklejamy na&hellip;<\/p>\n","protected":false},"featured_media":624,"template":"","meta":[],"_links":{"self":[{"href":"https:\/\/licznik.org\/index.php?rest_route=\/wp\/v2\/product\/611"}],"collection":[{"href":"https:\/\/licznik.org\/index.php?rest_route=\/wp\/v2\/product"}],"about":[{"href":"https:\/\/licznik.org\/index.php?rest_route=\/wp\/v2\/types\/product"}],"wp:featuredmedia":[{"embeddable":true,"href":"https:\/\/licznik.org\/index.php?rest_route=\/wp\/v2\/media\/624"}],"wp:attachment":[{"href":"https:\/\/licznik.org\/index.php?rest_route=%2Fwp%2Fv2%2Fmedia&parent=611"}],"curies":[{"name":"wp","href":"https:\/\/api.w.org\/{rel}","templated":true}]}}