{"id":971,"date":"2020-11-15T22:09:30","date_gmt":"2020-11-15T22:09:30","guid":{"rendered":"http:\/\/licznik.org\/?post_type=product&#038;p=971"},"modified":"2020-11-15T22:19:26","modified_gmt":"2020-11-15T22:19:26","slug":"przelacznik-zespolony-cim-stacyjka-kluczyk-blokada-saab-9-3-naprawa","status":"publish","type":"product","link":"https:\/\/licznik.org\/?product=przelacznik-zespolony-cim-stacyjka-kluczyk-blokada-saab-9-3-naprawa","title":{"rendered":"Prze\u0142\u0105cznik Zespolony CIM  Stacyjka kluczyk Blokada  Saab  9-3 Naprawa"},"content":{"rendered":"<div class=\"offer-page__description hyphens\">\n<div class=\"offer-page__description hyphens\">\n<p>NAPRAWA KODOWANIE -Modu\u0142 CIM Saab 9-3 OPEL VECTRA C ASTRA ZAFIRA<\/p>\n<p>NA ZDI\u0118CIU JEST POKAZANY ZESTAW KT\u00d3RY TRZEBA WYS\u0141A\u0106 DO NAPRAWY KODOWANIA . CIM,STACYJKA ,KLUCZE BLOKADA<\/p>\n<p>Jako jedyni za pompoc\u0105 wysy\u0142ki naprawimy WSZYSTKIE usterki zwi\u0105zane z modu\u0142em CIM , BLOKAD\u0104 KIEROWNICY, STACYJK\u0104 I KLUCZAMI<\/p>\n<p>Aukcja naprawa KODOWANIE modu\u0142u CIM ,BLOKADY STACYJKI KLUCZYKA.Usterki takie jak:<\/p>\n<p>SAAB<\/p>\n<p>nieczyta kluczyka . b\u0142\u0119dy IMMOBILAJZERA<\/p>\n<p>b\u0142edy can<\/p>\n<p>BRAK MO\u017bLIWO\u015aCI PRZEKR\u0118CENIA KLUCZYKA<\/p>\n<p>NA WYSWIETLACZU INFORMACJA O\u00a0 BLOKADZIE POJAZDU<\/p>\n<p>Z\u0142e dzia\u0142anie czujnika k\u0105ta skr\u0119tu kierownicy &#8211; komunikat na wyswietlaczu o awari ESP ESC<\/p>\n<p>Wy\u015bwietla sie kontrolka TC kierownicy z wykrzyknikiem<\/p>\n<p>nie zawsze mo\u017cna przek\u0119cic kluczyk<\/p>\n<p>okresowo resetuj\u0105 si\u0119 zegary i jest brak mo\u017cliwo\u015bci uruchomienia silnka<\/p>\n<p>i wiele innych kt\u00f3re na 100 procent usuniemY<\/p>\n<p>Na napraw\u0119 udzielamy 12 miesi\u0119cznej pisemnej Grawancji.<\/p>\n<p>CENA DIAGNOSTYKI WSZYSTKICH POKAZANYCH MOD\u00d3\u0141OW 250Z\u0141 W PRZYPADKU REZYGNACJI Z NAPRAWY<\/p>\n<p>ZOBACZ NASZE INNE OFERTY\u00a0 NAJWI\u0118KSZY ASORTYMENT US\u0141UG CO SWIADCZY O PE\u0141NYM PROFESJONALIZMIE, A DLA KLIENTA 100% JAKO\u015a\u0106I WYKONYWANEJ US\u0141UGI .WI\u0118CEJ INFO TEL 602 45 98 55<\/p>\n<\/div>\n<\/div>\n","protected":false},"excerpt":{"rendered":"<p>NAPRAWA KODOWANIE -Modu\u0142 CIM Saab 9-3 OPEL VECTRA C ASTRA ZAFIRA NA ZDI\u0118CIU JEST POKAZANY ZESTAW KT\u00d3RY TRZEBA WYS\u0141A\u0106 DO&hellip;<\/p>\n","protected":false},"featured_media":977,"template":"","meta":[],"_links":{"self":[{"href":"https:\/\/licznik.org\/index.php?rest_route=\/wp\/v2\/product\/971"}],"collection":[{"href":"https:\/\/licznik.org\/index.php?rest_route=\/wp\/v2\/product"}],"about":[{"href":"https:\/\/licznik.org\/index.php?rest_route=\/wp\/v2\/types\/product"}],"wp:featuredmedia":[{"embeddable":true,"href":"https:\/\/licznik.org\/index.php?rest_route=\/wp\/v2\/media\/977"}],"wp:attachment":[{"href":"https:\/\/licznik.org\/index.php?rest_route=%2Fwp%2Fv2%2Fmedia&parent=971"}],"curies":[{"name":"wp","href":"https:\/\/api.w.org\/{rel}","templated":true}]}}